{"id":229,"date":"2025-05-26T14:05:29","date_gmt":"2025-05-26T12:05:29","guid":{"rendered":"https:\/\/netcarjogsi.hu\/tatabanya\/?post_type=product&#038;p=229"},"modified":"2025-05-27T10:08:29","modified_gmt":"2025-05-27T08:08:29","slug":"elsosegely","status":"publish","type":"product","link":"https:\/\/netcarjogsi.hu\/tatabanya\/kepzes\/elsosegely\/","title":{"rendered":"Els\u0151seg\u00e9ly"},"content":{"rendered":"<div class=\"aux-institute-author-wrapper\">\n<div class=\"aux-institute-author-img\"><img decoding=\"async\" class=\"alignnone size-full wp-image-1136\" src=\"https:\/\/netcarjogsi.hu\/sopron\/wp-content\/uploads\/sites\/2\/2025\/03\/Elsosegely_kat.png\" alt=\"\" width=\"200\" height=\"200\" \/><\/div>\n<div class=\"aux-institute-author-info\">\n<h3>Els\u0151seg\u00e9lyny\u00fajt\u00f3 tanfolyam<\/h3>\n<p>A k\u00f6z\u00fati els\u0151seg\u00e9lyny\u00fajt\u00e1s ismeretek megszerz\u00e9se a j\u00e1rm\u0171vezet\u0151-k\u00e9pz\u00e9st\u0151l f\u00fcggetlen, megszerz\u00e9s\u00e9re a j\u00e1rm\u0171vezet\u0151 tanfolyam el\u0151tt, k\u00f6zben \u00e9s ut\u00e1n is van lehet\u0151s\u00e9g.<\/p>\n<\/div>\n<\/div>\n<div class=\"aux-institute-author-desc\">\n<p>Ha a j\u00e1rm\u0171vezet\u0151 tanfolyam megkezd\u00e9se el\u0151tt m\u00e1r rendelkezik az igazol\u00e1ssal, k\u00e9rj\u00fck, hogy a tanfolyamra val\u00f3 jelentkez\u00e9sekor annak f\u00e9nym\u00e1solat\u00e1t &#8211; bemutat\u00e1s mellett hozza mag\u00e1val.<\/p>\n<p>K\u00e9pz\u0151szerv\u00fcnk minden tanul\u00f3j\u00e1nak biztos\u00edtja &#8211; a V\u00f6r\u00f6skereszt Megyei vezet\u0151s\u00e9g\u00e9vel egy\u00fcttm\u0171k\u00f6dve &#8211; tanfolyami keretek k\u00f6z\u00f6tt a k\u00f6z\u00fati els\u0151seg\u00e9lyny\u00fajt\u00e1s vizsga megszerz\u00e9s\u00e9nek lehet\u0151s\u00e9g\u00e9t.<\/p>\n<p>A tanfolyam k\u00e9t r\u00e9szb\u0151l \u00e1ll, egy elm\u00e9leti \u00e9s egy gyakorlati r\u00e9szb\u0151l. Ez \u00e1ltal\u00e1ban 2 alkalmat vesz ig\u00e9nybe. Az els\u0151seg\u00e9ly vizsg\u00e1kat a V\u00f6r\u00f6skereszt szervezi.<\/p>\n<p>Az els\u0151seg\u00e9ly vizsga minden esetben kell, de csak az els\u0151 megszerzett jogos\u00edtv\u00e1nyhoz. Teh\u00e1t ha m\u00e1r van valamilyen jogos\u00edtv\u00e1nya, amihez le kellett m\u00e1r tennie az eg\u00e9szs\u00e9g\u00fcgyi vizsg\u00e1t, akkor m\u00e1sodik jogos\u00edtv\u00e1nyn\u00e1l m\u00e1r nem kell \u00fajra vizsg\u00e1znia, \u00edgy ennek k\u00f6lts\u00e9geit nem kell kifizetni.<\/p>\n<p>A tanfolyamok indul\u00e1s\u00e1r\u00f3l \u00e9s d\u00edjair\u00f3l \u00e9rdekl\u0151dj\u00f6n kirendelts\u00e9geinken.<\/p>\n<h4>Els\u0151seg\u00e9ly-ny\u00fajt\u00e1s vizsga d\u00edja: 18.000 Ft<\/h4>\n<p>A NeTcar Aut\u00f3siskol\u00e1ban k\u00f6nnyebben, gyorsan \u00e9s olcs\u00f3bban szerezhetsz b\u00e1rmilyen jogos\u00edtv\u00e1nyt. Munkat\u00e1rsaink mindenben seg\u00edtenek, \u00e9s a jogos\u00edtv\u00e1nyok d\u00edj\u00e1b\u00f3l rendszeresen biztos\u00edtunk jelent\u0151s kedvezm\u00e9nyeket. Az aut\u00f3siskol\u00e1nk sok \u00e9ves fenn\u00e1ll\u00e1sa alatt sok ezren szereztek m\u00e1r jogos\u00edtv\u00e1nyt.<\/p>\n<p>Ak\u00e1r motorozn\u00e1l, ak\u00e1r aut\u00f3t, vagy m\u00e1s t\u00edpus\u00fa g\u00e9pj\u00e1rm\u0171vet vezetn\u00e9l, a legjobb helyen j\u00e1rsz aut\u00f3siskol\u00e1nk weboldal\u00e1n. A NeTcar aut\u00f3siskol\u00e1t a Dun\u00e1nt\u00fal sz\u00e1mos v\u00e1ros\u00e1ban megtal\u00e1lhatod, garant\u00e1ltan k\u00f6zel lakhelyedhez. Mi\u00e9rt is v\u00e1lasztan\u00e1d aut\u00f3siskol\u00e1nkat? A v\u00e1lasz egyszer\u0171: Min\u0151s\u00e9gi oktat\u00e1s, tapasztalt, oktat\u00f3k, t\u00f6bb \u00e9vtized tapasztalat. Tudjuk r\u00e1 a m\u00f3dszert, hogy megk\u00f6nny\u00edthess\u00fck a jogos\u00edtv\u00e1nyod megszerz\u00e9s\u00e9nek folyamat\u00e1t.<\/p>\n<\/div>\n","protected":false},"excerpt":{"rendered":"<p>Els\u0151seg\u00e9lyny\u00fajt\u00f3 tanfolyam A k\u00f6z\u00fati els\u0151seg\u00e9lyny\u00fajt\u00e1s ismeretek megszerz\u00e9se a j\u00e1rm\u0171vezet\u0151-k\u00e9pz\u00e9st\u0151l f\u00fcggetlen, megszerz\u00e9s\u00e9re a j\u00e1rm\u0171vezet\u0151 tanfolyam el\u0151tt, k\u00f6zben \u00e9s ut\u00e1n is van lehet\u0151s\u00e9g. Ha a j\u00e1rm\u0171vezet\u0151 tanfolyam megkezd\u00e9se el\u0151tt m\u00e1r rendelkezik az igazol\u00e1ssal, k\u00e9rj\u00fck, hogy a tanfolyamra val\u00f3 jelentkez\u00e9sekor annak f\u00e9nym\u00e1solat\u00e1t &#8211; bemutat\u00e1s mellett hozza mag\u00e1val. K\u00e9pz\u0151szerv\u00fcnk minden tanul\u00f3j\u00e1nak biztos\u00edtja &#8211; a V\u00f6r\u00f6skereszt Megyei vezet\u0151s\u00e9g\u00e9vel egy\u00fcttm\u0171k\u00f6dve &#8211; [&hellip;]<\/p>\n","protected":false},"featured_media":249,"template":"","meta":[],"product_brand":[],"product_cat":[18],"product_tag":[78],"class_list":{"0":"post-229","1":"product","2":"type-product","3":"status-publish","4":"has-post-thumbnail","6":"product_cat-egyeb","7":"product_tag-elsosegely","9":"first","10":"instock","11":"shipping-taxable","12":"product-type-external"},"yoast_head":"<!-- This site is optimized with the Yoast SEO plugin v25.4 - https:\/\/yoast.com\/wordpress\/plugins\/seo\/ -->\n<title>Els\u0151seg\u00e9ly - NeTcar Aut\u00f3siskola Tatab\u00e1nya<\/title>\n<meta name=\"description\" content=\"Vegy\u00e9l r\u00e9szt els\u0151seg\u00e9lyny\u00fajt\u00f3 tanfolyamon a Netcar Aut\u00f3siskol\u00e1ban Tatab\u00e1ny\u00e1n! K\u00f6telez\u0151 k\u00e9pz\u00e9s a jogos\u00edtv\u00e1ny megszerz\u00e9s\u00e9hez\" \/>\n<meta name=\"robots\" content=\"index, follow, max-snippet:-1, max-image-preview:large, max-video-preview:-1\" \/>\n<link rel=\"canonical\" href=\"https:\/\/netcarjogsi.hu\/tatabanya\/kepzes\/elsosegely\/\" \/>\n<meta property=\"og:locale\" content=\"hu_HU\" \/>\n<meta property=\"og:type\" content=\"article\" \/>\n<meta property=\"og:title\" content=\"els\u0151seg\u00e9ly tanfolyam netcar Tatab\u00e1nya\" \/>\n<meta property=\"og:description\" content=\"Vegy\u00e9l r\u00e9szt els\u0151seg\u00e9lyny\u00fajt\u00f3 tanfolyamon a Netcar Aut\u00f3siskol\u00e1ban Tatab\u00e1ny\u00e1n! K\u00f6telez\u0151 k\u00e9pz\u00e9s a jogos\u00edtv\u00e1ny megszerz\u00e9s\u00e9hez, felk\u00e9sz\u00fclt oktat\u00f3kkal \u00e9s gyors \u00fctemez\u00e9ssel.\" \/>\n<meta property=\"og:url\" content=\"https:\/\/netcarjogsi.hu\/tatabanya\/kepzes\/elsosegely\/\" \/>\n<meta property=\"og:site_name\" content=\"NeTcar Aut\u00f3siskola Tatab\u00e1nya\" \/>\n<meta property=\"article:modified_time\" content=\"2025-05-27T08:08:29+00:00\" \/>\n<meta property=\"og:image\" content=\"https:\/\/netcarjogsi.hu\/tatabanya\/wp-content\/uploads\/sites\/7\/2025\/05\/Elsosegely.png\" \/>\n\t<meta property=\"og:image:width\" content=\"1200\" \/>\n\t<meta property=\"og:image:height\" content=\"680\" \/>\n\t<meta property=\"og:image:type\" content=\"image\/png\" \/>\n<meta name=\"twitter:card\" content=\"summary_large_image\" \/>\n<meta name=\"twitter:label1\" content=\"Becs\u00fclt olvas\u00e1si id\u0151\" \/>\n\t<meta name=\"twitter:data1\" content=\"2 perc\" \/>\n<script type=\"application\/ld+json\" class=\"yoast-schema-graph\">{\"@context\":\"https:\/\/schema.org\",\"@graph\":[{\"@type\":\"WebPage\",\"@id\":\"https:\/\/netcarjogsi.hu\/tatabanya\/kepzes\/elsosegely\/\",\"url\":\"https:\/\/netcarjogsi.hu\/tatabanya\/kepzes\/elsosegely\/\",\"name\":\"Els\u0151seg\u00e9ly - NeTcar Aut\u00f3siskola Tatab\u00e1nya\",\"isPartOf\":{\"@id\":\"https:\/\/netcarjogsi.hu\/tatabanya\/#website\"},\"primaryImageOfPage\":{\"@id\":\"https:\/\/netcarjogsi.hu\/tatabanya\/kepzes\/elsosegely\/#primaryimage\"},\"image\":{\"@id\":\"https:\/\/netcarjogsi.hu\/tatabanya\/kepzes\/elsosegely\/#primaryimage\"},\"thumbnailUrl\":\"https:\/\/netcarjogsi.hu\/tatabanya\/wp-content\/uploads\/sites\/7\/2025\/05\/Elsosegely.png\",\"datePublished\":\"2025-05-26T12:05:29+00:00\",\"dateModified\":\"2025-05-27T08:08:29+00:00\",\"description\":\"Vegy\u00e9l r\u00e9szt els\u0151seg\u00e9lyny\u00fajt\u00f3 tanfolyamon a Netcar Aut\u00f3siskol\u00e1ban Tatab\u00e1ny\u00e1n! K\u00f6telez\u0151 k\u00e9pz\u00e9s a jogos\u00edtv\u00e1ny megszerz\u00e9s\u00e9hez\",\"breadcrumb\":{\"@id\":\"https:\/\/netcarjogsi.hu\/tatabanya\/kepzes\/elsosegely\/#breadcrumb\"},\"inLanguage\":\"hu\",\"potentialAction\":[{\"@type\":\"ReadAction\",\"target\":[\"https:\/\/netcarjogsi.hu\/tatabanya\/kepzes\/elsosegely\/\"]}]},{\"@type\":\"ImageObject\",\"inLanguage\":\"hu\",\"@id\":\"https:\/\/netcarjogsi.hu\/tatabanya\/kepzes\/elsosegely\/#primaryimage\",\"url\":\"https:\/\/netcarjogsi.hu\/tatabanya\/wp-content\/uploads\/sites\/7\/2025\/05\/Elsosegely.png\",\"contentUrl\":\"https:\/\/netcarjogsi.hu\/tatabanya\/wp-content\/uploads\/sites\/7\/2025\/05\/Elsosegely.png\",\"width\":1200,\"height\":680,\"caption\":\"NeTcar Aut\u00f3siskola Tatab\u00e1nya els\u0151seg\u00e9ly tanfolyam\"},{\"@type\":\"BreadcrumbList\",\"@id\":\"https:\/\/netcarjogsi.hu\/tatabanya\/kepzes\/elsosegely\/#breadcrumb\",\"itemListElement\":[{\"@type\":\"ListItem\",\"position\":1,\"name\":\"Kezd\u0151lap\",\"item\":\"https:\/\/netcarjogsi.hu\/tatabanya\/\"},{\"@type\":\"ListItem\",\"position\":2,\"name\":\"K\u00e9pz\u00e9sek\",\"item\":\"https:\/\/netcarjogsi.hu\/tatabanya\/kepzesek\/\"},{\"@type\":\"ListItem\",\"position\":3,\"name\":\"Els\u0151seg\u00e9ly\"}]},{\"@type\":\"WebSite\",\"@id\":\"https:\/\/netcarjogsi.hu\/tatabanya\/#website\",\"url\":\"https:\/\/netcarjogsi.hu\/tatabanya\/\",\"name\":\"NeTcar Aut\u00f3siskola Tatab\u00e1nya\",\"description\":\"Jogos\u00edtv\u00e1nyszerz\u00e9s minden kateg\u00f3ri\u00e1ban Tatab\u00e1ny\u00e1n.\",\"publisher\":{\"@id\":\"https:\/\/netcarjogsi.hu\/tatabanya\/#organization\"},\"potentialAction\":[{\"@type\":\"SearchAction\",\"target\":{\"@type\":\"EntryPoint\",\"urlTemplate\":\"https:\/\/netcarjogsi.hu\/tatabanya\/?s={search_term_string}\"},\"query-input\":{\"@type\":\"PropertyValueSpecification\",\"valueRequired\":true,\"valueName\":\"search_term_string\"}}],\"inLanguage\":\"hu\"},{\"@type\":\"Organization\",\"@id\":\"https:\/\/netcarjogsi.hu\/tatabanya\/#organization\",\"name\":\"NeTcar Aut\u00f3siskola Tatab\u00e1nya\",\"url\":\"https:\/\/netcarjogsi.hu\/tatabanya\/\",\"logo\":{\"@type\":\"ImageObject\",\"inLanguage\":\"hu\",\"@id\":\"https:\/\/netcarjogsi.hu\/tatabanya\/#\/schema\/logo\/image\/\",\"url\":\"https:\/\/netcarjogsi.hu\/tatabanya\/wp-content\/uploads\/sites\/7\/2025\/05\/logo_150px.png\",\"contentUrl\":\"https:\/\/netcarjogsi.hu\/tatabanya\/wp-content\/uploads\/sites\/7\/2025\/05\/logo_150px.png\",\"width\":150,\"height\":57,\"caption\":\"NeTcar Aut\u00f3siskola Tatab\u00e1nya\"},\"image\":{\"@id\":\"https:\/\/netcarjogsi.hu\/tatabanya\/#\/schema\/logo\/image\/\"}}]}<\/script>\n<!-- \/ Yoast SEO plugin. -->","yoast_head_json":{"title":"Els\u0151seg\u00e9ly - NeTcar Aut\u00f3siskola Tatab\u00e1nya","description":"Vegy\u00e9l r\u00e9szt els\u0151seg\u00e9lyny\u00fajt\u00f3 tanfolyamon a Netcar Aut\u00f3siskol\u00e1ban Tatab\u00e1ny\u00e1n! K\u00f6telez\u0151 k\u00e9pz\u00e9s a jogos\u00edtv\u00e1ny megszerz\u00e9s\u00e9hez","robots":{"index":"index","follow":"follow","max-snippet":"max-snippet:-1","max-image-preview":"max-image-preview:large","max-video-preview":"max-video-preview:-1"},"canonical":"https:\/\/netcarjogsi.hu\/tatabanya\/kepzes\/elsosegely\/","og_locale":"hu_HU","og_type":"article","og_title":"els\u0151seg\u00e9ly tanfolyam netcar Tatab\u00e1nya","og_description":"Vegy\u00e9l r\u00e9szt els\u0151seg\u00e9lyny\u00fajt\u00f3 tanfolyamon a Netcar Aut\u00f3siskol\u00e1ban Tatab\u00e1ny\u00e1n! K\u00f6telez\u0151 k\u00e9pz\u00e9s a jogos\u00edtv\u00e1ny megszerz\u00e9s\u00e9hez, felk\u00e9sz\u00fclt oktat\u00f3kkal \u00e9s gyors \u00fctemez\u00e9ssel.","og_url":"https:\/\/netcarjogsi.hu\/tatabanya\/kepzes\/elsosegely\/","og_site_name":"NeTcar Aut\u00f3siskola Tatab\u00e1nya","article_modified_time":"2025-05-27T08:08:29+00:00","og_image":[{"width":1200,"height":680,"url":"https:\/\/netcarjogsi.hu\/tatabanya\/wp-content\/uploads\/sites\/7\/2025\/05\/Elsosegely.png","type":"image\/png"}],"twitter_card":"summary_large_image","twitter_misc":{"Becs\u00fclt olvas\u00e1si id\u0151":"2 perc"},"schema":{"@context":"https:\/\/schema.org","@graph":[{"@type":"WebPage","@id":"https:\/\/netcarjogsi.hu\/tatabanya\/kepzes\/elsosegely\/","url":"https:\/\/netcarjogsi.hu\/tatabanya\/kepzes\/elsosegely\/","name":"Els\u0151seg\u00e9ly - NeTcar Aut\u00f3siskola Tatab\u00e1nya","isPartOf":{"@id":"https:\/\/netcarjogsi.hu\/tatabanya\/#website"},"primaryImageOfPage":{"@id":"https:\/\/netcarjogsi.hu\/tatabanya\/kepzes\/elsosegely\/#primaryimage"},"image":{"@id":"https:\/\/netcarjogsi.hu\/tatabanya\/kepzes\/elsosegely\/#primaryimage"},"thumbnailUrl":"https:\/\/netcarjogsi.hu\/tatabanya\/wp-content\/uploads\/sites\/7\/2025\/05\/Elsosegely.png","datePublished":"2025-05-26T12:05:29+00:00","dateModified":"2025-05-27T08:08:29+00:00","description":"Vegy\u00e9l r\u00e9szt els\u0151seg\u00e9lyny\u00fajt\u00f3 tanfolyamon a Netcar Aut\u00f3siskol\u00e1ban Tatab\u00e1ny\u00e1n! K\u00f6telez\u0151 k\u00e9pz\u00e9s a jogos\u00edtv\u00e1ny megszerz\u00e9s\u00e9hez","breadcrumb":{"@id":"https:\/\/netcarjogsi.hu\/tatabanya\/kepzes\/elsosegely\/#breadcrumb"},"inLanguage":"hu","potentialAction":[{"@type":"ReadAction","target":["https:\/\/netcarjogsi.hu\/tatabanya\/kepzes\/elsosegely\/"]}]},{"@type":"ImageObject","inLanguage":"hu","@id":"https:\/\/netcarjogsi.hu\/tatabanya\/kepzes\/elsosegely\/#primaryimage","url":"https:\/\/netcarjogsi.hu\/tatabanya\/wp-content\/uploads\/sites\/7\/2025\/05\/Elsosegely.png","contentUrl":"https:\/\/netcarjogsi.hu\/tatabanya\/wp-content\/uploads\/sites\/7\/2025\/05\/Elsosegely.png","width":1200,"height":680,"caption":"NeTcar Aut\u00f3siskola Tatab\u00e1nya els\u0151seg\u00e9ly tanfolyam"},{"@type":"BreadcrumbList","@id":"https:\/\/netcarjogsi.hu\/tatabanya\/kepzes\/elsosegely\/#breadcrumb","itemListElement":[{"@type":"ListItem","position":1,"name":"Kezd\u0151lap","item":"https:\/\/netcarjogsi.hu\/tatabanya\/"},{"@type":"ListItem","position":2,"name":"K\u00e9pz\u00e9sek","item":"https:\/\/netcarjogsi.hu\/tatabanya\/kepzesek\/"},{"@type":"ListItem","position":3,"name":"Els\u0151seg\u00e9ly"}]},{"@type":"WebSite","@id":"https:\/\/netcarjogsi.hu\/tatabanya\/#website","url":"https:\/\/netcarjogsi.hu\/tatabanya\/","name":"NeTcar Aut\u00f3siskola Tatab\u00e1nya","description":"Jogos\u00edtv\u00e1nyszerz\u00e9s minden kateg\u00f3ri\u00e1ban Tatab\u00e1ny\u00e1n.","publisher":{"@id":"https:\/\/netcarjogsi.hu\/tatabanya\/#organization"},"potentialAction":[{"@type":"SearchAction","target":{"@type":"EntryPoint","urlTemplate":"https:\/\/netcarjogsi.hu\/tatabanya\/?s={search_term_string}"},"query-input":{"@type":"PropertyValueSpecification","valueRequired":true,"valueName":"search_term_string"}}],"inLanguage":"hu"},{"@type":"Organization","@id":"https:\/\/netcarjogsi.hu\/tatabanya\/#organization","name":"NeTcar Aut\u00f3siskola Tatab\u00e1nya","url":"https:\/\/netcarjogsi.hu\/tatabanya\/","logo":{"@type":"ImageObject","inLanguage":"hu","@id":"https:\/\/netcarjogsi.hu\/tatabanya\/#\/schema\/logo\/image\/","url":"https:\/\/netcarjogsi.hu\/tatabanya\/wp-content\/uploads\/sites\/7\/2025\/05\/logo_150px.png","contentUrl":"https:\/\/netcarjogsi.hu\/tatabanya\/wp-content\/uploads\/sites\/7\/2025\/05\/logo_150px.png","width":150,"height":57,"caption":"NeTcar Aut\u00f3siskola Tatab\u00e1nya"},"image":{"@id":"https:\/\/netcarjogsi.hu\/tatabanya\/#\/schema\/logo\/image\/"}}]}},"publishpress_future_workflow_manual_trigger":{"enabledWorkflows":[]},"_links":{"self":[{"href":"https:\/\/netcarjogsi.hu\/tatabanya\/wp-json\/wp\/v2\/product\/229","targetHints":{"allow":["GET"]}}],"collection":[{"href":"https:\/\/netcarjogsi.hu\/tatabanya\/wp-json\/wp\/v2\/product"}],"about":[{"href":"https:\/\/netcarjogsi.hu\/tatabanya\/wp-json\/wp\/v2\/types\/product"}],"wp:featuredmedia":[{"embeddable":true,"href":"https:\/\/netcarjogsi.hu\/tatabanya\/wp-json\/wp\/v2\/media\/249"}],"wp:attachment":[{"href":"https:\/\/netcarjogsi.hu\/tatabanya\/wp-json\/wp\/v2\/media?parent=229"}],"wp:term":[{"taxonomy":"product_brand","embeddable":true,"href":"https:\/\/netcarjogsi.hu\/tatabanya\/wp-json\/wp\/v2\/product_brand?post=229"},{"taxonomy":"product_cat","embeddable":true,"href":"https:\/\/netcarjogsi.hu\/tatabanya\/wp-json\/wp\/v2\/product_cat?post=229"},{"taxonomy":"product_tag","embeddable":true,"href":"https:\/\/netcarjogsi.hu\/tatabanya\/wp-json\/wp\/v2\/product_tag?post=229"}],"curies":[{"name":"wp","href":"https:\/\/api.w.org\/{rel}","templated":true}]}}